 Let h(l) = -5*l**3 - 2*l + 3. Let d be h(-3). What is the greatest common factor of q and d?
18
Let p(z) = 3*z**2 - 13*z + 20. Let q be p(7). What is the highest common divisor of q and 19?
19
Suppose 0 = -s - 0*s - w + 35, -5*s + 2*w + 182 = 0. What is the highest common factor of s and 12?
12
Suppose -9 = -5*a + 6. Suppose -a*c + 25 = -23. Calculate the highest common divisor of 32 and c.
16
Let y be (-1041)/(-15) - 3/(-5). What is the greatest common divisor of 14 and y?
14
Let d be 12 - 0/((-8)/(-4)). Suppose g + 12 = 5*h, h + g - d = -2*h. What is the highest common factor of h and 15?
3
Let d(l) = -l**3 - 5*l**2 - 6*l - 7. Let q be d(-6). Let w = q + -38. Let n = -13 + w. Calculate the greatest common factor of n and 14.
14
Let x(c) be the second derivative of -c**4/12 + 7*c**3/6 - 5*c**2/2 + 2*c. Let p be x(4). What is the greatest common divisor of 49 and p?
7
Suppose 18 = 3*r - 27. Calculate the greatest common factor of r and 5.
5
Suppose 0 = 3*h - 0*h. Suppose -5*c + 40 = -2*x - h*x, 5*x = -c - 19. Calculate the greatest common divisor of c and 54.
6
Let i = 9 - 5. Let o = 10 - 4. What is the highest common factor of o and i?
2
Let v(o) be the third derivative of 0*o + 0*o**4 + 0 + 1/120*o**6 - 7/60*o**5 + 4/3*o**3 - o**2. Let p be v(7). Calculate the highest common factor of 24 and p.
8
Suppose 3*i - i = 0. Suppose 3*n - 6 = -i. Let m be 11/(n - (-39)/(-21)). Calculate the greatest common factor of m and 7.
7
Suppose -3*q = -x, -5*x + 7*q = 2*q - 50. Let u = 8 + -5. Suppose -5*z + g + 602 = -0*z, 2*z = -u*g + 234. What is the highest common divisor of x and z?
15
Suppose 0 = 3*j - 0 - 15. Suppose -c = -j*v + 49, -3*v + 2*c = -0*c - 28. What is the highest common divisor of v and 5?
5
Let p(b) = -3*b**2 - 1 + 4*b + 4*b**2 + 5*b**2 - 3*b**2. Let x be p(-3). Let q = x - 6. Calculate the highest common divisor of 12 and q.
4
Let c = -3 - -9. Suppose -4*q + c*q - 220 = 0. What is the greatest common factor of q and 10?
10
Suppose 0 = b - 75. What is the greatest common divisor of b and 25?
25
Let g(i) be the first derivative of 2/3*i**3 - 3*i**2 + 0*i - 2. Let t be g(-5). Calculate the highest common divisor of t and 32.
16
Let n(g) = 9*g**3 + 4*g**2 + 5*g + 2. Let y be n(-3). Let w = y - -418. What is the greatest common factor of 18 and w?
18
Suppose -2*f = -6*f + 5*o + 33, 4*o = -3*f + 48. Calculate the greatest common divisor of f and 132.
12
Suppose 0 = 2*u - 3*u + 10. Let b be (-1414)/(-35) + 2/(-5). What is the highest common divisor of b and u?
10
Let a(m) = -m - 3. Let r be a(-7). Suppose d = 5*d - r. What is the greatest common divisor of d and 2?
1
Let b be (-4)/(-4)*-3 + 15. What is the greatest common divisor of b and 36?
12
Let l be (216/(-14))/(27/(-126)). What is the highest common divisor of l and 8?
8
Suppose 12*b = 5*v + 13*b - 24, 4*v + 2*b - 18 = 0. Suppose -31 + 6 = -5*f. What is the greatest common divisor of f and v?
5
Let r be (6/(-1))/(-2) + -2. Let x be 940/15 + r/3. Calculate the highest common factor of x and 9.
9
Let o = 238 - 77. What is the greatest common factor of o and 23?
23
Let f = -33 - -35. What is the highest common divisor of 4 and f?
2
Let h = -113 - -168. What is the greatest common divisor of h and 11?
11
Let j(x) = -8*x**2 - x + 11. Let y(w) = 7*w**2 - 10. Let n(g) = 5*j(g) + 6*y(g). Let t be n(9). Calculate the greatest common divisor of t and 14.
14
Let c = 2 - 4. Let y be (c/6)/(2/(-150)). Calculate the highest common factor of y and 10.
5
Let g be (-3)/(-12) + 17/(-4). Let s(n) = n + 2. Let i be s(g). Let f be (-63)/(-2) + (-3)/i. What is the highest common factor of f and 11?
11
Suppose -4*s - 165 = -9*s. Let y(q) = 4*q - 5. Let k be y(4). What is the greatest common divisor of s and k?
11
Let x = 12 - 10. Let c be 4/14 + 136/14. Calculate the highest common divisor of x and c.
2
Let i be (-2 - -14) + 0 + 4. Calculate the highest common factor of i and 24.
8
Let p be (5 + -2)*1 - 2. Suppose 5*j = k + 17, 5*k + 4*j = 26 + 5. Suppose -v - l = -3*l - 12, l - 8 = -k*v. What is the greatest common factor of v and p?
1
Suppose 3*l - 102 = 3. Suppose 51 = 7*p + 16. Calculate the greatest common factor of l and p.
5
Let b = 18 + -10. Suppose -2*k - k - 168 = 0. Let h = k + 128. Calculate the greatest common factor of b and h.
8
Suppose 3*c - 72 = -s, -s - 2*c + 4 = -68. Let x = 258 + -249. What is the greatest common divisor of s and x?
9
Let s be 0 - (9 + -1 + 0). Let t = s - -13. Calculate the greatest common divisor of t and 2.
1
Let y be 4/(-8) - 531/(-6). Calculate the greatest common divisor of y and 11.
11
Let x(o) = 2 - 2*o + 4*o - 1 + 4*o. Let j be x(1). What is the greatest common factor of j and 56?
7
Let d(i) = 2*i**3 - i**2 - 4*i. Let n be d(3). Let s be (n/(-2))/((-6)/80). Suppose 6*c = c + s. What is the highest common divisor of c and 4?
4
Let u(m) = -4*m**2 + 1 - 19*m + 3*m**2 + 6*m. Let g be u(-11). What is the highest common factor of 161 and g?
23
Let o = 110 + -61. Suppose -9 + o = 2*z + 5*d, d - 77 = -5*z. What is the highest common divisor of 3 and z?
3
Suppose 0 = -3*n - 2*n + 20. Calculate the highest common divisor of n and 32.
4
Let h = -26 + 119. What is the greatest common divisor of 62 and h?
31
Let r(y) = y**3 + 5*y**2 + y - 2. Let b be r(-4). Calculate the greatest common factor of b and 110.
10
Let l = 29 + -20. Suppose 2*q + q = l. Let v = 11 + -2. Calculate the greatest common factor of q and v.
3
Suppose -359 = 4*z - 91. Let i = z - -41. Let c = i + 38. Calculate the highest common divisor of c and 4.
4
Let x = 13 + -11. Suppose -3*r + 110 = x*r. What is the greatest common divisor of 22 and r?
22
Let n(l) = l**3 - 2*l**2 + 3*l - 1. Let m be n(2). Suppose j - m = 3. What is the greatest common divisor of j and 32?
8
Suppose 4*f + 1 = -15. Let h = -1 - f. Let k be 130/6 + h/9. What is the greatest common factor of k and 11?
11
Let o(w) = w - 1. Let d be o(3). Suppose -d*y = 5*s - 133 - 25, s = 2*y + 22. Calculate the highest common divisor of s and 6.
6
Let v be (4 - 11/2)*-102. What is the greatest common factor of 17 and v?
17
Suppose 0*b - 4*b = 2*l + 94, -5*l = -25. Let i = 28 - b. Suppose 0 = -2*z + 4 + 8. What is the greatest common divisor of i and z?
6
Suppose 2*x - h - 9 = 0, -2 - 16 = -5*x + h. Calculate the highest common divisor of x and 2.
1
Suppose -12 = -5*d + 18. What is the highest common factor of d and 54?
6
Suppose -2*n = -5*b - 37 - 5, 2*b = 3*n - 41. Suppose 0 = 5*k - 15 - 5. Suppose 4*y - 2 = -2*s, 2*y - s + k = 7. What is the highest common divisor of n and y?
1
Let g = -1 - -7. Let z = 7 - 4. Suppose -5*y - z*c + 189 + 87 = 0, 118 = 2*y + 5*c. What is the highest common factor of y and g?
6
Suppose -3*u = -4 - 5. Calculate the greatest common factor of 3 and u.
3
Suppose 2*c - 75 + 11 = 0. Let k = 0 + 2. Suppose m = -k*m + 144. What is the highest common divisor of m and c?
16
Let b(a) = a**2 - 4*a - 2. Let n be b(3). Let o = n + 10. Let k(x) = 14*x + 7. Let r be k(o). Calculate the highest common divisor of r and 7.
7
Let c(y) = -y - 5. Let g = 9 + -13. Let x be c(g). Let w be (-27 + 2 + x)/(-2). What is the highest common divisor of 104 and w?
13
Let h be -4*(4 + -3) + 103. What is the greatest common factor of h and 11?
11
Let p be (2/(-3) - (-528)/9) + 2. What is the greatest common factor of 24 and p?
12
Suppose 4*f = 4 + 396. What is the greatest common divisor of f and 40?
20
Let m(b) = 4*b - 6. Let z be m(4). Let q(c) = -c**3 + 11*c**2 + c. Let g be q(z). What is the greatest common divisor of g and 22?
22
Let n(k) = 2*k**2 + 6*k + 2. Let a be n(-3). Calculate the greatest common factor of 10 and a.
2
Let k be (-3)/(-2 - 1) - -4. Suppose 0 = -k*y + 90 + 260. Calculate the greatest common divisor of 28 and y.
14
Suppose -2*v = -17 - 33. Calculate the greatest common divisor of v and 5.
5
Suppose m = -4*q + 431, -4*m + 536 = -2*q + 7*q. Calculate the highest common divisor of 12 and q.
12
Suppose -p - 422 + 45 = 3*z, 2*z + 243 = p. Let x be (z/6)/((-6)/9). Let v = x - 16. Calculate the greatest common divisor of v and 75.
15
Let y(m) = -9*m - 6. Let f be y(-14). What is the highest common divisor of f and 48?
24
Suppose 3*r - 216 = -r. Calculate the highest common factor of r and 18.
18
Suppose b - 13 = 15. What is the great